ple of 71?
False
Does 36 divide 86256?
True
Is 792 a multiple of 33?
True
Does 4 divide 146?
False
Is 8521 a multiple of 37?
False
Does 20 divide 2192?
False
Is 6 a factor of 53?
False
Is 3135 a multiple of 167?
False
Is 1378 a multiple of 5?
False
Is 8 a factor of 4664?
True
Does 58 divide 15074?
False
Is 3361 a multiple of 79?
False
Is 21 a factor of 18827?
False
Is 2 a factor of 67?
False
Is 13 a factor of 37?
False
Does 8 divide 189?
False
Is 18 a factor of 1368?
True
Is 22093 a multiple of 63?
False
Is 3897 a multiple of 149?
False
Is 23 a factor of 92?
True
Is 131 a factor of 655?
True
Is 494 a multiple of 13?
True
Is 13 a factor of 202?
False
Is 5 a factor of 18869?
False
Is 9 a factor of 550?
False
Is 2595 a multiple of 3?
True
Is 18394 a multiple of 10?
False
Does 12 divide 1513?
False
Is 15 a factor of 2310?
True
Is 23 a factor of 11431?
True
Does 51 divide 21063?
True
Does 22 divide 1603?
False
Is 2 a factor of 545?
False
Is 288 a multiple of 32?
True
Is 7 a factor of 146?
False
Does 82 divide 19024?
True
Does 227 divide 132568?
True
Is 459 a multiple of 25?
False
Does 41 divide 820?
True
Is 199 a multiple of 8?
False
Does 95 divide 20478?
False
Does 9 divide 936?
True
Does 17 divide 20900?
False
Is 250 a multiple of 3?
False
Is 25 a factor of 46800?
True
Is 9216 a multiple of 32?
True
Does 37 divide 11261?
False
Does 44 divide 8187?
False
Is 14 a factor of 24220?
True
Is 28 a factor of 840?
True
Is 1924 a multiple of 40?
False
Does 8 divide 24?
True
Is 4756 a multiple of 41?
True
Is 17 a factor of 204?
True
Does 34 divide 50980?
False
Is 729 a multiple of 81?
True
Is 6 a factor of 2346?
True
Does 74 divide 8436?
True
Is 221 a multiple of 17?
True
Does 203 divide 6084?
False
Is 30 a factor of 3840?
True
Is 174 a factor of 19836?
True
Does 12 divide 792?
True
Does 94 divide 29313?
False
Does 11 divide 12759?
False
Is 53 a factor of 475?
False
Does 9 divide 210?
False
Is 304 a multiple of 8?
True
Is 47 a factor of 2364?
False
Is 11 a factor of 3015?
False
Is 11 a factor of 38984?
True
Does 32 divide 896?
True
Does 2 divide 94?
True
Does 26 divide 8047?
False
Is 91 a factor of 10882?
False
Is 7 a factor of 9154?
False
Does 2 divide 2849?
False
Is 15 a factor of 4604?
False
Does 2 divide 57?
False
Is 6 a factor of 1668?
True
Is 6 a factor of 1056?
True
Does 52 divide 2132?
True
Is 11547 a multiple of 79?
False
Does 12 divide 372?
True
Does 10 divide 263?
False
Is 5625 a multiple of 45?
True
Is 130 a multiple of 8?
False
Is 19614 a multiple of 16?
False
Is 2774 a multiple of 5?
False
Is 3 a factor of 1517?
False
Does 4 divide 635?
False
Is 945 a multiple of 37?
False
Is 36 a factor of 1116?
True
Is 2270 a multiple of 10?
True
Does 6 divide 168?
True
Is 12 a factor of 45941?
False
Does 15 divide 19845?
True
Does 25 divide 525?
True
Does 2 divide 380?
True
Is 3888 a multiple of 5?
False
Is 896 a multiple of 28?
True
Is 90 a factor of 24674?
False
Is 221 a factor of 75911?
False
Does 52 divide 624?
True
Does 30 divide 18150?
True
Does 18 divide 882?
True
Is 15 a factor of 345?
True
Is 2 a factor of 4263?
False
Is 30149 a multiple of 42?
False
Is 66 a factor of 8910?
True
Is 319 a multiple of 30?
False
Does 12 divide 36192?
True
Is 112 even?
True
Is 675 a multiple of 27?
True
Does 78 divide 9048?
True
Does 52 divide 530?
False
Does 9 divide 387?
True
Is 14 a factor of 5152?
True
Is 9 a factor of 64295?
False
Does 25 divide 7014?
False
Is 35277 a multiple of 33?
True
Is 21401 a multiple of 4?
False
Is 21146 a multiple of 129?
False
Is 22 a factor of 6204?
True
Is 201 a multiple of 3?
True
Is 5100 a multiple of 17?
True
Is 27 a factor of 31320?
True
Does 30 divide 1470?
True
Does 54 divide 56?
False
Does 172 divide 16168?
True
Is 145 a multiple of 10?
False
Is 444 a multiple of 4?
True
Is 479 a multiple of 17?
False
Does 10 divide 7583?
False
Does 50 divide 800?
True
Does 107 divide 3099?
False
Is 3 a factor of 129?
True
Is 90 a factor of 1530?
True
Does 100 divide 3200?
True
Is 54 a factor of 8001?
False
Does 9 divide 109?
False
Is 17 a factor of 5327?
False
Does 4 divide 121?
False
Is 13 a factor of 39?
True
Is 360 a multiple of 3?
True
Does 7 divide 37109?
False
Is 240 a multiple of 16?
True
Is 149 a factor of 4010?
False
Is 64 a factor of 22964?
False
Is 28188 a multiple of 29?
True
Is 11 a factor of 759?
True
Is 977 a multiple of 9?
False
Does 28 divide 775?
False
Is 15 a factor of 3373?
False
Does 31 divide 256?
False
Does 10 divide 715?
False
Is 72 a factor of 144?
True
Is 20 a factor of 2760?
True
Is 1768 a multiple of 52?
True
Is 34 a factor of 2557?
False
Does 191 divide 1146?
True
Is 65 a factor of 1170?
True
Does 77 divide 49357?
True
Is 312 a multiple of 3?
True
Does 53 divide 583?
True
Is 2 a factor of 24?
True
Is 64 a factor of 832?
True
Is 22 a factor of 902?
True
Is 44 a multiple of 5?
False
Does 23 divide 199?
False
Is 184 a multiple of 46?
True
Is 22 a factor of 999?
False
Is 29412 a multiple of 57?
True
Is 24 a factor of 1276?
False
Is 39000 a multiple of 12?
True
Is 1269 a multiple of 3?
True
Is 2927 a multiple of 39?
False
Is 38 a factor of 7980?
True
Is 533 a multiple of 28?
False
Is 10 a factor of 80?
True
Is 15295 a multiple of 35?
True
Is 13 a factor of 4735?
False
Is 1815 a multiple of 5?
True
Is 2046 a multiple of 3?
True
Is 22 a factor of 4246?
True
Is 3695 a multiple of 13?
False
Does 56 divide 49452?
False
Is 24549 a multiple of 141?
False
Is 16 a factor of 1936?
True
Does 60 divide 15540?
True
Is 1241 a multiple of 11?
False
Does 31 divide 924?
False
Is 173 a multiple of 4?
False
Is 8624 a multiple of 56?
True
Is 13301 a multiple of 8?
False
Is 15 even?
False
Is 828 a multiple of 8?
False
Does 5 divide 79?
False
Is 5698 a multiple of 74?
True
Is 62 a factor of 17112?
True
Is 247 a factor of 39767?
True
Is 973 a multiple of 12?
False
Is 29501 a multiple of 16?
False
Is 5 a factor of 105?
True
Does 34 divide 34?
True
Does 25 divide 1581?
False
Is 1350 a multiple of 16?
False
Does 38 divide 38152?
True
Is 74783 a multiple of 196?
False
Does 134 divide 3618?
True
Does 65 divide 15470?
True
Does 123 divide 21171?
False
Is 15599 a multiple of 42?
False
Is 63156 a multiple of 6?
True
Is 352 a multiple of 22?
True
Is 19 a factor of 6802?
True
Is 54 a factor of 5886?
True
Is 30089 a multiple of 148?
False
Is 841 a multiple of 67?
False
Is 17 a factor of 42228?
True
Does 13 divide 364?
True
Is 1709 a multiple of 9?
False
Does 32 divide 27392?
True
Does 62 divide 4030?
True
Is 20 a factor of 480?
True
Does 40 divide 599?
False
Is 24759 a multiple of 21?
True
Does 57 divide 342?
True
Is 111 a factor of 11766?
True
Is 36 a factor of 245?
False
Does 6 divide 5456?
False
Is 80 a factor of 271?
False
Does 9 divide 774?
True
Is 27 a factor of 6468?
False
Is 3 a factor of 9372?
True
Is 7 a factor of 6520?
False
Is 1530 a multiple of 17?
True
Does 17 divide 42823?
True
Is 3078 a multiple of 9?
True
Does 13 divide 67132?
True
Is 4290 a multiple of 10?
True
Is 36 a factor of 17257?
False
Is 51 a factor of 2617?
False
Is 1100 a multiple of 27?
False
Is 3335 a multiple of 23?
True
Does 18 divide 1116?
True
Does 7 divide 2212?
True
Is 3510 a multiple of 17?
False
Does 17 divide 12612?
False
Is 9 a factor of 306?
True
Is 2130 a multiple of 80?
False
Is 12 a factor of 111064?
False
Is 13 a factor of 104793?
True
Is 19 a factor of 1976?
True
Is 6 a factor of 11598?
True
Does 31 divide 52572?
False
Does 2 divide 1107?
False
Does 76 divide 3129?
False
Is 5249 a multiple of 33?
False
Is 26 a factor of 452?
False
Is 24 a factor of 56?
False
Is 17699 a multiple of 16?
False
Is 17 a factor of 2694?
False
Is 55050 a multiple of 367?
True
Is 8 a factor of 10344?
True
Is 3 a factor of 5979?
True
Is 3 a factor of 313?
False
Is 10 a factor of 158?
False
Does 12 divide 206?
False
Is 67 a factor of 536?
True
Does 18 divide 2664?
True
Is 91 a factor of 6916?
True
Does 23 divide 414?
True
Is 1837 a multiple of 11?
True
Is 11 a factor of 198?
True
Is 873 a multiple of 13?
False
Is 147 a factor of 8232?
True
Is 939 a multiple of 16?
False
Is 273 a multiple of 3?
True
Is 289 a factor of 115812?
False
Is 329 a multiple of 14?
False
Is 37 a factor of 1887?
True
Is 5538 a multiple of 142?
True
Is 103 a factor of 15141?
True
Is 345 a multiple of 15?
True
